mainder when 3640 is divided by 279.
13
Calculate the remainder when 1799858 is divided by 123.
122
Calculate the remainder when 133 is divided by 15.
13
Calculate the remainder when 6164 is divided by 386.
374
Calculate the remainder when 37186 is divided by 36.
34
Calculate the remainder when 23903 is divided by 332.
331
Calculate the remainder when 5534 is divided by 903.
116
Calculate the remainder when 5914 is divided by 2.
0
Calculate the remainder when 101372 is divided by 13.
11
What is the remainder when 24493 is divided by 306?
13
What is the remainder when 5071 is divided by 2517?
37
Calculate the remainder when 42991 is divided by 19.
13
What is the remainder when 14745 is divided by 1222?
81
Calculate the remainder when 181752 is divided by 56.
32
What is the remainder when 164157 is divided by 82078?
1
Calculate the remainder when 2612 is divided by 32.
20
What is the remainder when 3194 is divided by 148?
86
Calculate the remainder when 63356 is divided by 84.
20
What is the remainder when 5389 is divided by 898?
1
What is the remainder when 424407 is divided by 105?
102
Calculate the remainder when 22008 is divided by 60.
48
What is the remainder when 2154 is divided by 2145?
9
What is the remainder when 2551 is divided by 322?
297
Calculate the remainder when 436412 is divided by 123.
8
What is the remainder when 107029 is divided by 13377?
13
Calculate the remainder when 20823 is divided by 38.
37
Calculate the remainder when 22805 is divided by 22786.
19
Calculate the remainder when 43702 is divided by 40.
22
Calculate the remainder when 1352 is divided by 336.
8
What is the remainder when 6554 is divided by 1305?
29
What is the remainder when 32840 is divided by 608?
8
What is the remainder when 66405 is divided by 66307?
98
What is the remainder when 46009 is divided by 177?
166
Calculate the remainder when 1023 is divided by 1015.
8
Calculate the remainder when 2152 is divided by 504.
136
Calculate the remainder when 3040 is divided by 23.
4
Calculate the remainder when 116871 is divided by 199.
58
Calculate the remainder when 23547 is divided by 11747.
53
Calculate the remainder when 54091 is divided by 54062.
29
What is the remainder when 4348 is divided by 33?
25
Calculate the remainder when 4095 is divided by 1350.
45
What is the remainder when 844221 is divided by 422106?
9
What is the remainder when 16656 is divided by 9?
6
Calculate the remainder when 27854 is divided by 2785.
4
Calculate the remainder when 13138 is divided by 223.
204
Calculate the remainder when 25996 is divided by 1720.
196
Calculate the remainder when 5106 is divided by 1196.
322
What is the remainder when 83851 is divided by 28?
19
Calculate the remainder when 6944 is divided by 95.
9
Calculate the remainder when 738 is divided by 146.
8
Calculate the remainder when 152324 is divided by 140.
4
What is the remainder when 14372 is divided by 2367?
170
Calculate the remainder when 2563 is divided by 112.
99
What is the remainder when 5404 is divided by 1792?
28
What is the remainder when 13187 is divided by 100?
87
What is the remainder when 66950 is divided by 271?
13
What is the remainder when 34432 is divided by 218?
206
What is the remainder when 4379 is divided by 132?
23
Calculate the remainder when 1366489 is divided by 7.
5
What is the remainder when 4386 is divided by 444?
390
What is the remainder when 4681288 is divided by 402?
400
Calculate the remainder when 17122 is divided by 276.
10
What is the remainder when 6448 is divided by 3220?
8
Calculate the remainder when 32148 is divided by 104.
12
What is the remainder when 18646 is divided by 103?
3
Calculate the remainder when 99394 is divided by 193.
192
What is the remainder when 283 is divided by 147?
136
What is the remainder when 8024 is divided by 196?
184
Calculate the remainder when 39872 is divided by 426.
254
Calculate the remainder when 727 is divided by 659.
68
What is the remainder when 508224 is divided by 25?
24
Calculate the remainder when 23519 is divided by 12.
11
What is the remainder when 13727 is divided by 251?
173
What is the remainder when 14868 is divided by 74?
68
Calculate the remainder when 1960 is divided by 16.
8
What is the remainder when 57254 is divided by 1908?
14
What is the remainder when 128690 is divided by 308?
254
What is the remainder when 20546 is divided by 70?
36
What is the remainder when 80229 is divided by 16044?
9
Calculate the remainder when 2977 is divided by 2607.
370
Calculate the remainder when 8027 is divided by 277.
271
What is the remainder when 56343 is divided by 7042?
7
Calculate the remainder when 148426 is divided by 31.
29
What is the remainder when 77202 is divided by 3?
0
Calculate the remainder when 49992 is divided by 1785.
12
Calculate the remainder when 60803 is divided by 20267.
2
Calculate the remainder when 472898 is divided by 147.
146
What is the remainder when 397436 is divided by 198714?
8
Calculate the remainder when 2044701 is divided by 6.
3
Calculate the remainder when 34358 is divided by 18.
14
Calculate the remainder when 697223 is divided by 93.
2
What is the remainder when 3955 is divided by 3906?
49
Calculate the remainder when 9234 is divided by 30.
24
What is the remainder when 25417 is divided by 162?
145
What is the remainder when 635533 is divided by 146?
141
Calculate the remainder when 3130 is divided by 1042.
4
What is the remainder when 48044 is divided by 15981?
101
What is the remainder when 3718 is divided by 571?
292
What is the remainder when 7588 is divided by 5384?
2204
Calculate the remainder when 3027 is divided by 160.
147
What is the remainder when 37866 is divided by 37?
15
What is the remainder when 24409 is divided by 683?
504
What is the remainder when 361880 is divided by 308?
288
What is the remainder when 921 is divided by 33?
30
Calculate the remainder when 109616 is divided by 27403.
4
What is the remainder when 296 is divided by 26?
10
What is the remainder when 4577 is divided by 1568?
1441
Calculate the remainder when 38077 is divided by 158.
157
Calculate the remainder when 9533 is divided by 112.
13
Calculate the remainder when 81602 is divided by 23.
21
Calculate the remainder when 33597 is divided by 33586.
11
Calculate the remainder when 298483 is divided by 750.
733
What is the remainder when 515607 is divided by 85?
82
What is the remainder when 29620 is divided by 29602?
18
Calculate the remainder when 237 is divided by 18.
3
Calculate the remainder when 3069 is divided by 311.
270
What is the remainder when 44548 is divided by 1?
0
Calculate the remainder when 10825 is divided by 119.
115
Calculate the remainder when 1149 is divided by 368.
45
What is the remainder when 59763 is divided by 2060?
23
What is the remainder when 4560 is divided by 4554?
6
What is the remainder when 36179 is divided by 280?
59
What is the remainder when 33529 is divided by 1288?
41
What is the remainder when 3058 is divided by 259?
209
Calculate the remainder when 41730 is divided by 1485.
150
Calculate the remainder when 4782 is divided by 406.
316
Calculate the remainder when 29872 is divided by 9952.
16
Calculate the remainder when 517109 is divided by 330.
329
Calculate the remainder when 3772 is divided by 3735.
37
What is the remainder when 14899 is divided by 216?
211
Calculate the remainder when 6761 is divided by 211.
9
Calculate the remainder when 249422 is divided by 136.
134
Calculate the remainder when 26949 is divided by 245.
244
Calculate the remainder when 105168 is divided by 26.
24
What is the remainder when 1267804 is divided by 46?
44
Calculate the remainder when 1465 is divided by 159.
34
Calculate the remainder when 55625 is divided by 14.
3
Calculate the remainder when 189379 is divided by 4.
3
Calculate the remainder when 474158 is divided by 43.
40
What is the remainder when 19833 is divided by 36?
33
Calculate the remainder when 7456 is divided by 3692.
72
What is the remainder when 7867 is divided by 603?
28
What is the remainder when 9915 is divided by 7450?
2465
Calculate the remainder when 24569 is divided by 189.
188
Calculate the remainder when 318783 is divided by 402.
399
Calculate the remainder when 6530 is divided by 69.
44
Calculate the remai